{"id":181,"date":"2019-03-28T15:40:37","date_gmt":"2019-03-28T14:40:37","guid":{"rendered":"https:\/\/sologis.cz\/?page_id=181"},"modified":"2025-02-24T08:16:16","modified_gmt":"2025-02-24T07:16:16","slug":"kontakt","status":"publish","type":"page","link":"https:\/\/sologis.cz\/index.php\/kontakt\/","title":{"rendered":"Kontakt"},"content":{"rendered":"\n<figure class=\"wp-block-image size-full is-resized\"><img loading=\"lazy\" decoding=\"async\" width=\"500\" height=\"97\" src=\"https:\/\/sologis.cz\/wp-content\/uploads\/2021\/11\/Sologis-kontakty-tel-email.png\" alt=\"\" class=\"wp-image-345\" style=\"width:450px\" srcset=\"https:\/\/sologis.cz\/wp-content\/uploads\/2021\/11\/Sologis-kontakty-tel-email.png 500w, https:\/\/sologis.cz\/wp-content\/uploads\/2021\/11\/Sologis-kontakty-tel-email-300x58.png 300w\" sizes=\"auto, (max-width: 500px) 100vw, 500px\" \/><\/figure>\n\n\n\n<h2 class=\"wp-block-heading\">Sologis s.r.o.<\/h2>\n\n\n\n<p><strong>Kontaktn\u00ed osoba:<\/strong> <\/p>\n\n\n\n<p><strong>Jednatel:<\/strong>&nbsp;Ing. Josef Sojka<br><strong>Telefon:<\/strong> +420 608 607 670<br><strong>Email:<\/strong>&nbsp;<a href=\"mailto:sojka@sologis.cz\">sojka@sologis.cz<\/a><\/p>\n\n\n\n<p>Ing. Miroslava Sojkov\u00e1<br><strong>Telefon:<\/strong> +420 604 289 897<br><strong>Email: <\/strong><a href=\"mailto:sojkova@sologis.cz\">sojkova@sologis.cz<\/a><\/p>\n\n\n\n<figure class=\"wp-block-image size-full\"><img loading=\"lazy\" decoding=\"async\" width=\"201\" height=\"202\" src=\"https:\/\/sologis.cz\/wp-content\/uploads\/2021\/11\/Sologis-QR-code.png\" alt=\"\" class=\"wp-image-272\" srcset=\"https:\/\/sologis.cz\/wp-content\/uploads\/2021\/11\/Sologis-QR-code.png 201w, https:\/\/sologis.cz\/wp-content\/uploads\/2021\/11\/Sologis-QR-code-150x150.png 150w, https:\/\/sologis.cz\/wp-content\/uploads\/2021\/11\/Sologis-QR-code-100x100.png 100w\" sizes=\"auto, (max-width: 201px) 100vw, 201px\" \/><\/figure>\n\n\n\n<p><strong>Adresu s\u00eddla: <\/strong><br>N\u00e1rodn\u00edch hrdin\u016f 279<br>190 12 Praha 9<br>I\u010c: 073 59 390<br>DI\u010c: CZ07359390 <\/p>\n\n\n\n<p><a href=\"https:\/\/sologis.cz\/wp-content\/uploads\/2021\/11\/Sologis-vypis.png\" target=\"_blank\" rel=\"noreferrer noopener\">V\u00fdpis z rejst\u0159\u00edku<\/a><\/p>\n\n\n\n<p><strong>Provozovna Pohled<\/strong><br>Pohled 249<br>582 21 Pohled<\/p>\n\n\n\n<figure class=\"wp-block-gallery has-nested-images columns-default is-cropped wp-block-gallery-1 is-layout-flex wp-block-gallery-is-layout-flex\">\n<figure class=\"wp-block-image size-large\"><a href=\"https:\/\/sologis.cz\/wp-content\/uploads\/2021\/11\/Sologis-mapa.png\"><img loading=\"lazy\" decoding=\"async\" width=\"1024\" height=\"558\" data-id=\"262\" src=\"https:\/\/sologis.cz\/wp-content\/uploads\/2021\/11\/Sologis-mapa-1024x558.png\" alt=\"\" class=\"wp-image-262\" srcset=\"https:\/\/sologis.cz\/wp-content\/uploads\/2021\/11\/Sologis-mapa-1024x558.png 1024w, https:\/\/sologis.cz\/wp-content\/uploads\/2021\/11\/Sologis-mapa-300x164.png 300w, https:\/\/sologis.cz\/wp-content\/uploads\/2021\/11\/Sologis-mapa-768x419.png 768w, https:\/\/sologis.cz\/wp-content\/uploads\/2021\/11\/Sologis-mapa.png 1500w\" sizes=\"auto, (max-width: 706px) 89vw, (max-width: 767px) 82vw, 740px\" \/><\/a><\/figure>\n<\/figure>\n\n\n\n<p>GPS: 49.6125522N, 15.6392672E<br><a href=\"https:\/\/mapy.cz\/zakladni?x=15.6392672&amp;y=49.6125938&amp;z=17&amp;q=pohled%20249&amp;source=addr&amp;id=11188300\" target=\"_blank\" rel=\"noreferrer noopener\">Mapy.cz<\/a><br><a href=\"https:\/\/sologis.cz\/wp-content\/uploads\/2025\/02\/Sologis-kontakt-new.pdf\">Kontak A4 pro vytisknut\u00ed<\/a><\/p>\n\n\n\n<p><\/p>\n\n\n\n<p><strong>Provozovna Humpolec<\/strong><br>Hradsk\u00e1 280<br>396 01 Humpolec<br>(vjezd do are\u00e1lu &#8211; k\u0159i\u017eovatku ulic Hornick\u00e1 a Vosm\u00edkova)<br>GPS: 49.5417361N, 15.3615611E<br><a href=\"https:\/\/mapy.cz\/zakladni?q=Hradsk%C3%A1%20280%20396%2001%20Humpolec&amp;source=addr&amp;id=9932699&amp;ds=1&amp;x=15.3615610&amp;y=49.5417361&amp;z=17\">Mapy.cz<\/a><\/p>\n\n\n\n<p><strong>Provozovna Svitalka<\/strong><br>Svitalka 33<br>580 01 Kv\u011btinov<br>GPS: 49.5688569N, 15.5012711E<br><a href=\"https:\/\/mapy.cz\/zakladni?vlastni-body&amp;ut=Nov%C3%BD%20bod&amp;uc=9j2vvxU.Z2&amp;ud=15%C2%B030%274.576%22E%2049%C2%B034%277.885%22N&amp;x=15.5012712&amp;y=49.5688569&amp;z=19&amp;ovl=8\">Mapy.cz<\/a><\/p>\n\n\n\n<p><br><\/p>\n\n\n","protected":false},"excerpt":{"rendered":"<p>Sologis s.r.o. Kontaktn\u00ed osoba: Jednatel:&nbsp;Ing. Josef SojkaTelefon: +420 608 607 670Email:&nbsp;sojka@sologis.cz Ing. Miroslava Sojkov\u00e1Telefon: +420 604 289 897Email: sojkova@sologis.cz Adresu s\u00eddla: N\u00e1rodn\u00edch hrdin\u016f 279190 12 Praha 9I\u010c: 073 59 390DI\u010c: CZ07359390 V\u00fdpis z rejst\u0159\u00edku Provozovna PohledPohled 249582 21 Pohled GPS: 49.6125522N, 15.6392672EMapy.czKontak A4 pro vytisknut\u00ed Provozovna HumpolecHradsk\u00e1 280396 01 Humpolec(vjezd do are\u00e1lu &#8211; k\u0159i\u017eovatku ulic &hellip; <\/p>\n<p class=\"link-more\"><a href=\"https:\/\/sologis.cz\/index.php\/kontakt\/\" class=\"more-link\">Pokra\u010dovat ve \u010dten\u00ed<span class=\"screen-reader-text\"> &#8222;Kontakt&#8220;<\/span><\/a><\/p>\n","protected":false},"author":3,"featured_media":0,"parent":0,"menu_order":0,"comment_status":"closed","ping_status":"closed","template":"","meta":{"footnotes":""},"class_list":["post-181","page","type-page","status-publish","hentry"],"yoast_head":"<!-- This site is optimized with the Yoast SEO plugin v27.5 - https:\/\/yoast.com\/product\/yoast-seo-wordpress\/ -->\n<title>Kontakt - Sologis<\/title>\n<meta name=\"robots\" content=\"index, follow, max-snippet:-1, max-image-preview:large, max-video-preview:-1\" \/>\n<link rel=\"canonical\" href=\"https:\/\/sologis.cz\/index.php\/kontakt\/\" \/>\n<meta property=\"og:locale\" content=\"cs_CZ\" \/>\n<meta property=\"og:type\" content=\"article\" \/>\n<meta property=\"og:title\" content=\"Kontakt - Sologis\" \/>\n<meta property=\"og:description\" content=\"Sologis s.r.o. Kontaktn\u00ed osoba: Jednatel:&nbsp;Ing. Josef SojkaTelefon: +420 608 607 670Email:&nbsp;sojka@sologis.cz Ing. Miroslava Sojkov\u00e1Telefon: +420 604 289 897Email: sojkova@sologis.cz Adresu s\u00eddla: N\u00e1rodn\u00edch hrdin\u016f 279190 12 Praha 9I\u010c: 073 59 390DI\u010c: CZ07359390 V\u00fdpis z rejst\u0159\u00edku Provozovna PohledPohled 249582 21 Pohled GPS: 49.6125522N, 15.6392672EMapy.czKontak A4 pro vytisknut\u00ed Provozovna HumpolecHradsk\u00e1 280396 01 Humpolec(vjezd do are\u00e1lu &#8211; k\u0159i\u017eovatku ulic &hellip; Pokra\u010dovat ve \u010dten\u00ed &quot;Kontakt&quot;\" \/>\n<meta property=\"og:url\" content=\"https:\/\/sologis.cz\/index.php\/kontakt\/\" \/>\n<meta property=\"og:site_name\" content=\"Sologis\" \/>\n<meta property=\"article:modified_time\" content=\"2025-02-24T07:16:16+00:00\" \/>\n<meta property=\"og:image\" content=\"https:\/\/sologis.cz\/wp-content\/uploads\/2021\/11\/Sologis-kontakty-tel-email.png\" \/>\n<meta name=\"twitter:card\" content=\"summary_large_image\" \/>\n<meta name=\"twitter:label1\" content=\"Odhadovan\u00e1 doba \u010dten\u00ed\" \/>\n\t<meta name=\"twitter:data1\" content=\"2 minuty\" \/>\n<script type=\"application\/ld+json\" class=\"yoast-schema-graph\">{\"@context\":\"https:\\\/\\\/schema.org\",\"@graph\":[{\"@type\":\"WebPage\",\"@id\":\"https:\\\/\\\/sologis.cz\\\/index.php\\\/kontakt\\\/\",\"url\":\"https:\\\/\\\/sologis.cz\\\/index.php\\\/kontakt\\\/\",\"name\":\"Kontakt - Sologis\",\"isPartOf\":{\"@id\":\"https:\\\/\\\/sologis.cz\\\/#website\"},\"primaryImageOfPage\":{\"@id\":\"https:\\\/\\\/sologis.cz\\\/index.php\\\/kontakt\\\/#primaryimage\"},\"image\":{\"@id\":\"https:\\\/\\\/sologis.cz\\\/index.php\\\/kontakt\\\/#primaryimage\"},\"thumbnailUrl\":\"https:\\\/\\\/sologis.cz\\\/wp-content\\\/uploads\\\/2021\\\/11\\\/Sologis-kontakty-tel-email.png\",\"datePublished\":\"2019-03-28T14:40:37+00:00\",\"dateModified\":\"2025-02-24T07:16:16+00:00\",\"breadcrumb\":{\"@id\":\"https:\\\/\\\/sologis.cz\\\/index.php\\\/kontakt\\\/#breadcrumb\"},\"inLanguage\":\"cs\",\"potentialAction\":[{\"@type\":\"ReadAction\",\"target\":[\"https:\\\/\\\/sologis.cz\\\/index.php\\\/kontakt\\\/\"]}]},{\"@type\":\"ImageObject\",\"inLanguage\":\"cs\",\"@id\":\"https:\\\/\\\/sologis.cz\\\/index.php\\\/kontakt\\\/#primaryimage\",\"url\":\"https:\\\/\\\/sologis.cz\\\/wp-content\\\/uploads\\\/2021\\\/11\\\/Sologis-kontakty-tel-email.png\",\"contentUrl\":\"https:\\\/\\\/sologis.cz\\\/wp-content\\\/uploads\\\/2021\\\/11\\\/Sologis-kontakty-tel-email.png\",\"width\":500,\"height\":97},{\"@type\":\"BreadcrumbList\",\"@id\":\"https:\\\/\\\/sologis.cz\\\/index.php\\\/kontakt\\\/#breadcrumb\",\"itemListElement\":[{\"@type\":\"ListItem\",\"position\":1,\"name\":\"Dom\u016f\",\"item\":\"https:\\\/\\\/sologis.cz\\\/\"},{\"@type\":\"ListItem\",\"position\":2,\"name\":\"Kontakt\"}]},{\"@type\":\"WebSite\",\"@id\":\"https:\\\/\\\/sologis.cz\\\/#website\",\"url\":\"https:\\\/\\\/sologis.cz\\\/\",\"name\":\"Sologis\",\"description\":\"D\u00e1v\u00e1me \u0159\u00e1d skladov\u00e1n\u00ed\",\"publisher\":{\"@id\":\"https:\\\/\\\/sologis.cz\\\/#organization\"},\"potentialAction\":[{\"@type\":\"SearchAction\",\"target\":{\"@type\":\"EntryPoint\",\"urlTemplate\":\"https:\\\/\\\/sologis.cz\\\/?s={search_term_string}\"},\"query-input\":{\"@type\":\"PropertyValueSpecification\",\"valueRequired\":true,\"valueName\":\"search_term_string\"}}],\"inLanguage\":\"cs\"},{\"@type\":\"Organization\",\"@id\":\"https:\\\/\\\/sologis.cz\\\/#organization\",\"name\":\"Sologis\",\"url\":\"https:\\\/\\\/sologis.cz\\\/\",\"logo\":{\"@type\":\"ImageObject\",\"inLanguage\":\"cs\",\"@id\":\"https:\\\/\\\/sologis.cz\\\/#\\\/schema\\\/logo\\\/image\\\/\",\"url\":\"https:\\\/\\\/sologis.cz\\\/wp-content\\\/uploads\\\/2021\\\/11\\\/cropped-Sologis-logo.png\",\"contentUrl\":\"https:\\\/\\\/sologis.cz\\\/wp-content\\\/uploads\\\/2021\\\/11\\\/cropped-Sologis-logo.png\",\"width\":250,\"height\":250,\"caption\":\"Sologis\"},\"image\":{\"@id\":\"https:\\\/\\\/sologis.cz\\\/#\\\/schema\\\/logo\\\/image\\\/\"}}]}<\/script>\n<!-- \/ Yoast SEO plugin. -->","yoast_head_json":{"title":"Kontakt - Sologis","robots":{"index":"index","follow":"follow","max-snippet":"max-snippet:-1","max-image-preview":"max-image-preview:large","max-video-preview":"max-video-preview:-1"},"canonical":"https:\/\/sologis.cz\/index.php\/kontakt\/","og_locale":"cs_CZ","og_type":"article","og_title":"Kontakt - Sologis","og_description":"Sologis s.r.o. Kontaktn\u00ed osoba: Jednatel:&nbsp;Ing. Josef SojkaTelefon: +420 608 607 670Email:&nbsp;sojka@sologis.cz Ing. Miroslava Sojkov\u00e1Telefon: +420 604 289 897Email: sojkova@sologis.cz Adresu s\u00eddla: N\u00e1rodn\u00edch hrdin\u016f 279190 12 Praha 9I\u010c: 073 59 390DI\u010c: CZ07359390 V\u00fdpis z rejst\u0159\u00edku Provozovna PohledPohled 249582 21 Pohled GPS: 49.6125522N, 15.6392672EMapy.czKontak A4 pro vytisknut\u00ed Provozovna HumpolecHradsk\u00e1 280396 01 Humpolec(vjezd do are\u00e1lu &#8211; k\u0159i\u017eovatku ulic &hellip; Pokra\u010dovat ve \u010dten\u00ed \"Kontakt\"","og_url":"https:\/\/sologis.cz\/index.php\/kontakt\/","og_site_name":"Sologis","article_modified_time":"2025-02-24T07:16:16+00:00","og_image":[{"url":"https:\/\/sologis.cz\/wp-content\/uploads\/2021\/11\/Sologis-kontakty-tel-email.png","type":"","width":"","height":""}],"twitter_card":"summary_large_image","twitter_misc":{"Odhadovan\u00e1 doba \u010dten\u00ed":"2 minuty"},"schema":{"@context":"https:\/\/schema.org","@graph":[{"@type":"WebPage","@id":"https:\/\/sologis.cz\/index.php\/kontakt\/","url":"https:\/\/sologis.cz\/index.php\/kontakt\/","name":"Kontakt - Sologis","isPartOf":{"@id":"https:\/\/sologis.cz\/#website"},"primaryImageOfPage":{"@id":"https:\/\/sologis.cz\/index.php\/kontakt\/#primaryimage"},"image":{"@id":"https:\/\/sologis.cz\/index.php\/kontakt\/#primaryimage"},"thumbnailUrl":"https:\/\/sologis.cz\/wp-content\/uploads\/2021\/11\/Sologis-kontakty-tel-email.png","datePublished":"2019-03-28T14:40:37+00:00","dateModified":"2025-02-24T07:16:16+00:00","breadcrumb":{"@id":"https:\/\/sologis.cz\/index.php\/kontakt\/#breadcrumb"},"inLanguage":"cs","potentialAction":[{"@type":"ReadAction","target":["https:\/\/sologis.cz\/index.php\/kontakt\/"]}]},{"@type":"ImageObject","inLanguage":"cs","@id":"https:\/\/sologis.cz\/index.php\/kontakt\/#primaryimage","url":"https:\/\/sologis.cz\/wp-content\/uploads\/2021\/11\/Sologis-kontakty-tel-email.png","contentUrl":"https:\/\/sologis.cz\/wp-content\/uploads\/2021\/11\/Sologis-kontakty-tel-email.png","width":500,"height":97},{"@type":"BreadcrumbList","@id":"https:\/\/sologis.cz\/index.php\/kontakt\/#breadcrumb","itemListElement":[{"@type":"ListItem","position":1,"name":"Dom\u016f","item":"https:\/\/sologis.cz\/"},{"@type":"ListItem","position":2,"name":"Kontakt"}]},{"@type":"WebSite","@id":"https:\/\/sologis.cz\/#website","url":"https:\/\/sologis.cz\/","name":"Sologis","description":"D\u00e1v\u00e1me \u0159\u00e1d skladov\u00e1n\u00ed","publisher":{"@id":"https:\/\/sologis.cz\/#organization"},"potentialAction":[{"@type":"SearchAction","target":{"@type":"EntryPoint","urlTemplate":"https:\/\/sologis.cz\/?s={search_term_string}"},"query-input":{"@type":"PropertyValueSpecification","valueRequired":true,"valueName":"search_term_string"}}],"inLanguage":"cs"},{"@type":"Organization","@id":"https:\/\/sologis.cz\/#organization","name":"Sologis","url":"https:\/\/sologis.cz\/","logo":{"@type":"ImageObject","inLanguage":"cs","@id":"https:\/\/sologis.cz\/#\/schema\/logo\/image\/","url":"https:\/\/sologis.cz\/wp-content\/uploads\/2021\/11\/cropped-Sologis-logo.png","contentUrl":"https:\/\/sologis.cz\/wp-content\/uploads\/2021\/11\/cropped-Sologis-logo.png","width":250,"height":250,"caption":"Sologis"},"image":{"@id":"https:\/\/sologis.cz\/#\/schema\/logo\/image\/"}}]}},"_links":{"self":[{"href":"https:\/\/sologis.cz\/index.php\/wp-json\/wp\/v2\/pages\/181","targetHints":{"allow":["GET"]}}],"collection":[{"href":"https:\/\/sologis.cz\/index.php\/wp-json\/wp\/v2\/pages"}],"about":[{"href":"https:\/\/sologis.cz\/index.php\/wp-json\/wp\/v2\/types\/page"}],"author":[{"embeddable":true,"href":"https:\/\/sologis.cz\/index.php\/wp-json\/wp\/v2\/users\/3"}],"replies":[{"embeddable":true,"href":"https:\/\/sologis.cz\/index.php\/wp-json\/wp\/v2\/comments?post=181"}],"version-history":[{"count":27,"href":"https:\/\/sologis.cz\/index.php\/wp-json\/wp\/v2\/pages\/181\/revisions"}],"predecessor-version":[{"id":423,"href":"https:\/\/sologis.cz\/index.php\/wp-json\/wp\/v2\/pages\/181\/revisions\/423"}],"wp:attachment":[{"href":"https:\/\/sologis.cz\/index.php\/wp-json\/wp\/v2\/media?parent=181"}],"curies":[{"name":"wp","href":"https:\/\/api.w.org\/{rel}","templated":true}]}}