{"id":407,"date":"2024-06-19T09:19:22","date_gmt":"2024-06-19T07:19:22","guid":{"rendered":"https:\/\/sologis.cz\/?page_id=407"},"modified":"2024-06-19T09:21:38","modified_gmt":"2024-06-19T07:21:38","slug":"gdpr","status":"publish","type":"page","link":"https:\/\/sologis.cz\/index.php\/gdpr\/","title":{"rendered":"GDPR"},"content":{"rendered":"\n<h2 class=\"wp-block-heading\"><strong>Souhlas se zpracov\u00e1n\u00edm osobn\u00edch \u00fadaj\u016f<\/strong><\/h2>\n\n\n\n<p><strong>1.<\/strong><br>Sologis s.r.o., I\u010cO: 07359390, s\u00eddlem N\u00e1rodn\u00edch hrdin\u016f 279, Doln\u00ed Po\u010dernice, 190 12 Praha 9 jako\u017eto provozovatel webu sologis.cz a tedy spr\u00e1vce osobn\u00edch \u00fadaj\u016f kter\u00e9 mu budou z\u00e1kazn\u00edkem poskytnuty, se zavazuje, \u017ee bude tyto osobn\u00ed \u00fadaje zpracov\u00e1vat v souladu s pr\u00e1vn\u00edmi p\u0159edpisy, p\u0159edev\u0161\u00edm s Na\u0159\u00edzen\u00edm Evropsk\u00e9ho parlamentu a Rady (EU) 2016\/679 ze dne 27. dubna 2016 o ochran\u011b fyzick\u00fdch osob v souvislosti se zpracov\u00e1n\u00edm osobn\u00edch \u00fadaj\u016f a o voln\u00e9m pohybu t\u011bchto \u00fadaj\u016f a o zru\u0161en\u00ed sm\u011brnice 95\/46\/ES.<\/p>\n\n\n\n<p><strong>2.<\/strong><br>Sologis s.r.o. zpracov\u00e1v\u00e1 p\u0159i provozu webu sologis.cz zejm\u00e9na n\u00e1sleduj\u00edc\u00ed osobn\u00ed \u00fadaje n\u00e1v\u0161t\u011bvn\u00edk\u016f webu: Jm\u00e9no, p\u0159\u00edjmen\u00ed, dodac\u00ed adresa, telefonn\u00ed \u010d\u00edslo, e-mailov\u00e1 adresa, IP adresa, cookie.<\/p>\n\n\n\n<p><strong>3.<\/strong><br>Osobn\u00ed \u00fadaje jsou zpracov\u00e1v\u00e1ny na z\u00e1klad\u011b pr\u00e1vn\u00edho z\u00e1kladu pln\u011bn\u00ed smluvn\u00ed povinnosti spole\u010dnosti Sologis s.r.o. v\u016f\u010di z\u00e1kazn\u00edk\u016fm, a d\u00e1le na z\u00e1klad\u011b pr\u00e1vn\u00edho z\u00e1kladu h\u00e1jen\u00ed opr\u00e1vn\u011bn\u00fdch z\u00e1jm\u016f spole\u010dnosti Sologis s.r.o.<br><br><strong>4.<\/strong><br>P\u0159\u00edjemci osobn\u00edch \u00fadaj\u016f mohou b\u00fdt:<br>1. p\u0159epravn\u00ed slu\u017eba p\u0159i doru\u010dov\u00e1n\u00ed objednan\u00e9ho zbo\u017e\u00ed;<br>2. org\u00e1ny ve\u0159ejn\u00e9 moci, pokud to z\u00e1kon stanov\u00ed;<br>3. poskytovatel\u00e9 extern\u00edch slu\u017eeb, zejm\u00e9na da\u0148ov\u00e9ho a pr\u00e1vn\u00edho poradenstv\u00ed;<br>4. provozovatel\u00e9 vybran\u00fdch n\u00e1stroj\u016f p\u0159\u00edm\u00e9ho marketingu.<\/p>\n\n\n\n<p><strong>5.<\/strong><br>Sologis s.r.o. zpracov\u00e1v\u00e1 pouze osobn\u00ed \u00fadaje nezbytn\u011b nutn\u00e9 k napln\u011bn\u00ed \u00fa\u010del\u016f jejich zpracov\u00e1v\u00e1n\u00ed, tedy pro spln\u011bn\u00ed sv\u00fdch smluvn\u00edch povinnost\u00ed (zejm. dod\u00e1n\u00ed zbo\u017e\u00ed) a h\u00e1jen\u00ed sv\u00fdch opr\u00e1vn\u011bn\u00fdch z\u00e1jm\u016f v\u010detn\u011b p\u0159\u00edm\u00e9ho marketingu.<\/p>\n\n\n\n<p><strong>6.<\/strong><br>Zpracov\u00e1n\u00ed osobn\u00edch \u00fadaj\u016f je prov\u00e1d\u011bno spr\u00e1vcem, osobn\u00ed \u00fadaje pro spr\u00e1vce v\u0161ak mohou zpracov\u00e1vat i tito zpracovatel\u00e9:<br>Sologis s.r.o.<br>N\u00e1rodn\u00edch hrdin\u016f 279, 190 12 Praha 9, \u010cesk\u00e1 republika<br>Web: https:\/\/sologis.cz, E-mail: info@sologis.cz<\/p>\n\n\n\n<p><strong>7.<\/strong><br>Osobn\u00ed \u00fadaje budou zpracov\u00e1v\u00e1ny po dobu nezbytn\u011b nutnou k pln\u011bn\u00ed smluvn\u00edch povinnost\u00ed, a ochran\u011b opr\u00e1vn\u011bn\u00fdch z\u00e1jm\u016f a po jej\u00edm skon\u010den\u00ed s nimi bude nalo\u017eeno dle platn\u00e9 pr\u00e1vn\u00ed \u00fapravy, z\u00e1kona \u010d. 499\/2004 Sb. (z\u00e1kon o archivnictv\u00ed a spisov\u00e9 slu\u017eb\u011b a o zm\u011bn\u011b n\u011bkter\u00fdch z\u00e1kon\u016f) a Na\u0159\u00edzen\u00ed Evropsk\u00e9ho parlamentu a Rady (EU) 2016\/679 ze dne 27. dubna 2016 o ochran\u011b fyzick\u00fdch osob v souvislosti se zpracov\u00e1n\u00edm osobn\u00edch \u00fadaj\u016f a o voln\u00e9m pohybu t\u011bchto \u00fadaj\u016f a o zru\u0161en\u00ed sm\u011brnice 95\/46\/ES (Na\u0159\u00edzen\u00ed GDPR).<\/p>\n\n\n\n<p><strong>8.<\/strong><br>Z\u00e1kazn\u00edk m\u00e1 ve vztahu ke sv\u00fdm osobn\u00edm \u00fadaj\u016fm zejm\u00e9na n\u00e1sleduj\u00edc\u00ed pr\u00e1va:<\/p>\n\n\n\n<p><strong>9.<\/strong><br>Pr\u00e1vo na p\u0159\u00edstup k osobn\u00edm \u00fadaj\u016fm znamen\u00e1, \u017ee z\u00e1kazn\u00edk m\u00e1 pr\u00e1vo od spr\u00e1vce z\u00edskat informace o tom, zda zpracov\u00e1v\u00e1 jeho osobn\u00ed \u00fadaje, a pokud ano, o jak\u00e9 \u00fadaje se jedn\u00e1 a jak\u00fdm zp\u016fsobem jsou zpracov\u00e1v\u00e1ny. Z\u00e1kazn\u00edk m\u00e1 tak\u00e9 pr\u00e1vo, aby spr\u00e1vce bez zbyte\u010dn\u00e9ho odkladu opravil na jeho \u017e\u00e1dost nep\u0159esn\u00e9 osobn\u00ed \u00fadaje, kter\u00e9 se ho t\u00fdkaj\u00ed.<\/p>\n\n\n\n<p><strong>10.<\/strong><br>Pr\u00e1vo na v\u00fdmaz osobn\u00edch \u00fadaj\u016f p\u0159edstavuje jin\u00fdmi slovy vyj\u00e1d\u0159enou povinnost spr\u00e1vce zlikvidovat osobn\u00ed \u00fadaje, kter\u00e9 o z\u00e1kazn\u00edkovi zpracov\u00e1v\u00e1, pokud jsou spln\u011bny ur\u010dit\u00e9 podm\u00ednky a z\u00e1kazn\u00edk o to po\u017e\u00e1d\u00e1.<\/p>\n\n\n\n<p><strong>11.<\/strong><br>Z\u00e1kazn\u00edk m\u00e1 pr\u00e1vo, aby spr\u00e1vce v ur\u010dit\u00fdch p\u0159\u00edpadech omezil zpracov\u00e1n\u00ed jeho osobn\u00edch \u00fadaj\u016f. Proti zpracov\u00e1n\u00ed, kter\u00e9 je zalo\u017eeno na opr\u00e1vn\u011bn\u00fdch z\u00e1jmech spr\u00e1vce, t\u0159et\u00ed strany nebo je nezbytn\u00e9 pro spln\u011bn\u00ed \u00fakolu prov\u00e1d\u011bn\u00e9ho ve ve\u0159ejn\u00e9m z\u00e1jmu nebo p\u0159i v\u00fdkonu ve\u0159ejn\u00e9 moci, m\u00e1 z\u00e1kazn\u00edk pr\u00e1vo kdykoli vzn\u00e9st n\u00e1mitku.<\/p>\n\n\n\n<p><strong>12.<\/strong><br>Pr\u00e1vo na p\u0159enositelnost \u00fadaj\u016f d\u00e1v\u00e1 z\u00e1kazn\u00edkovi mo\u017enost z\u00edskat osobn\u00ed \u00fadaje, kter\u00e9 spr\u00e1vci poskytl, v b\u011b\u017en\u00e9m a strojov\u011b \u010diteln\u00e9m form\u00e1tu. Tyto \u00fadaje m\u016f\u017ee n\u00e1sledn\u011b p\u0159edat jin\u00e9mu spr\u00e1vci, nebo pokud je to technicky mo\u017en\u00e9, \u017e\u00e1dat, aby si je spr\u00e1vci p\u0159edali mezi sebou.<\/p>\n\n\n\n<p><strong>13.<\/strong><br>Pr\u00e1vo kdykoli odvolat souhlas se zpracov\u00e1n\u00edm osobn\u00edch \u00fadaj\u016f se neuplatn\u00ed, jeliko\u017e osobn\u00ed \u00fadaje z\u00e1kazn\u00edka jsou zpracov\u00e1v\u00e1ny z d\u016fvodu pln\u011bn\u00ed smlouvy uzav\u0159en\u00e9 se z\u00e1kazn\u00edkem, nikoli na z\u00e1klad\u011b souhlasu se zpracov\u00e1n\u00edm.<\/p>\n\n\n\n<p><strong>14.<\/strong><br>V p\u0159\u00edpad\u011b, \u017ee bude z\u00e1kazn\u00edk jakkoli nespokojen se zpracov\u00e1n\u00edm sv\u00fdch osobn\u00edch \u00fadaj\u016f prov\u00e1d\u011bn\u00e9 spr\u00e1vcem, m\u016f\u017ee podat st\u00ed\u017enost p\u0159\u00edmo jemu, nebo se obr\u00e1tit na \u00da\u0159ad pro ochranu osobn\u00edch \u00fadaj\u016f.<br>Prohl\u00e1\u0161en\u00ed spr\u00e1vce<br>Spr\u00e1vce prohla\u0161uje, \u017ee bude shroma\u017e\u010fovat osobn\u00ed \u00fadaje v rozsahu nezbytn\u00e9m pro napln\u011bn\u00ed stanoven\u00e9ho \u00fa\u010delu a zpracov\u00e1vat je pouze v souladu s \u00fa\u010delem, k n\u011bmu\u017e byly shrom\u00e1\u017ed\u011bny. Zam\u011bstnanci spr\u00e1vce nebo jin\u00e9 fyzick\u00e9 osoby, kter\u00e9 zpracov\u00e1vaj\u00ed osobn\u00ed \u00fadaje na z\u00e1klad\u011b smlouvy se spr\u00e1vcem a dal\u0161\u00ed osoby jsou povinni zachov\u00e1vat ml\u010denlivost o osobn\u00edch \u00fadaj\u00edch, a to i po skon\u010den\u00ed pracovn\u00edho pom\u011bru nebo prac\u00ed.<\/p>\n\n\n\n<h2 class=\"wp-block-heading\"><strong>Prohl\u00e1\u0161en\u00ed spr\u00e1vce<\/strong><\/h2>\n\n\n\n<p>Spr\u00e1vce prohla\u0161uje, \u017ee bude shroma\u017e\u010fovat osobn\u00ed \u00fadaje v&nbsp;rozsahu nezbytn\u00e9m pro napln\u011bn\u00ed stanoven\u00e9ho \u00fa\u010delu a&nbsp;zpracov\u00e1vat je pouze v&nbsp;souladu s&nbsp;\u00fa\u010delem, k&nbsp;n\u011bmu\u017e byly shrom\u00e1\u017ed\u011bny. Zam\u011bstnanci spr\u00e1vce nebo jin\u00e9 fyzick\u00e9 osoby, kter\u00e9 zpracov\u00e1vaj\u00ed osobn\u00ed \u00fadaje na z\u00e1klad\u011b smlouvy se spr\u00e1vcem a&nbsp;dal\u0161\u00ed osoby jsou povinni zachov\u00e1vat ml\u010denlivost o&nbsp;osobn\u00edch \u00fadaj\u00edch, a&nbsp;to i&nbsp;po&nbsp;skon\u010den\u00ed pracovn\u00edho pom\u011bru nebo prac\u00ed.<\/p>\n\n\n\n<p><br><\/p>\n","protected":false},"excerpt":{"rendered":"<p>Souhlas se zpracov\u00e1n\u00edm osobn\u00edch \u00fadaj\u016f 1.Sologis s.r.o., I\u010cO: 07359390, s\u00eddlem N\u00e1rodn\u00edch hrdin\u016f 279, Doln\u00ed Po\u010dernice, 190 12 Praha 9 jako\u017eto provozovatel webu sologis.cz a tedy spr\u00e1vce osobn\u00edch \u00fadaj\u016f kter\u00e9 mu budou z\u00e1kazn\u00edkem poskytnuty, se zavazuje, \u017ee bude tyto osobn\u00ed \u00fadaje zpracov\u00e1vat v souladu s pr\u00e1vn\u00edmi p\u0159edpisy, p\u0159edev\u0161\u00edm s Na\u0159\u00edzen\u00edm Evropsk\u00e9ho parlamentu a Rady (EU) 2016\/679 &hellip; <\/p>\n<p class=\"link-more\"><a href=\"https:\/\/sologis.cz\/index.php\/gdpr\/\" class=\"more-link\">Pokra\u010dovat ve \u010dten\u00ed<span class=\"screen-reader-text\"> &#8222;GDPR&#8220;<\/span><\/a><\/p>\n","protected":false},"author":3,"featured_media":0,"parent":0,"menu_order":0,"comment_status":"closed","ping_status":"closed","template":"","meta":{"footnotes":""},"class_list":["post-407","page","type-page","status-publish","hentry"],"yoast_head":"<!-- This site is optimized with the Yoast SEO plugin v27.4 - https:\/\/yoast.com\/product\/yoast-seo-wordpress\/ -->\n<title>GDPR - Sologis<\/title>\n<meta name=\"robots\" content=\"index, follow, max-snippet:-1, max-image-preview:large, max-video-preview:-1\" \/>\n<link rel=\"canonical\" href=\"https:\/\/sologis.cz\/index.php\/gdpr\/\" \/>\n<meta property=\"og:locale\" content=\"cs_CZ\" \/>\n<meta property=\"og:type\" content=\"article\" \/>\n<meta property=\"og:title\" content=\"GDPR - Sologis\" \/>\n<meta property=\"og:description\" content=\"Souhlas se zpracov\u00e1n\u00edm osobn\u00edch \u00fadaj\u016f 1.Sologis s.r.o., I\u010cO: 07359390, s\u00eddlem N\u00e1rodn\u00edch hrdin\u016f 279, Doln\u00ed Po\u010dernice, 190 12 Praha 9 jako\u017eto provozovatel webu sologis.cz a tedy spr\u00e1vce osobn\u00edch \u00fadaj\u016f kter\u00e9 mu budou z\u00e1kazn\u00edkem poskytnuty, se zavazuje, \u017ee bude tyto osobn\u00ed \u00fadaje zpracov\u00e1vat v souladu s pr\u00e1vn\u00edmi p\u0159edpisy, p\u0159edev\u0161\u00edm s Na\u0159\u00edzen\u00edm Evropsk\u00e9ho parlamentu a Rady (EU) 2016\/679 &hellip; Pokra\u010dovat ve \u010dten\u00ed &quot;GDPR&quot;\" \/>\n<meta property=\"og:url\" content=\"https:\/\/sologis.cz\/index.php\/gdpr\/\" \/>\n<meta property=\"og:site_name\" content=\"Sologis\" \/>\n<meta property=\"article:modified_time\" content=\"2024-06-19T07:21:38+00:00\" \/>\n<meta name=\"twitter:card\" content=\"summary_large_image\" \/>\n<meta name=\"twitter:label1\" content=\"Odhadovan\u00e1 doba \u010dten\u00ed\" \/>\n\t<meta name=\"twitter:data1\" content=\"4 minuty\" \/>\n<script type=\"application\/ld+json\" class=\"yoast-schema-graph\">{\"@context\":\"https:\\\/\\\/schema.org\",\"@graph\":[{\"@type\":\"WebPage\",\"@id\":\"https:\\\/\\\/sologis.cz\\\/index.php\\\/gdpr\\\/\",\"url\":\"https:\\\/\\\/sologis.cz\\\/index.php\\\/gdpr\\\/\",\"name\":\"GDPR - Sologis\",\"isPartOf\":{\"@id\":\"https:\\\/\\\/sologis.cz\\\/#website\"},\"datePublished\":\"2024-06-19T07:19:22+00:00\",\"dateModified\":\"2024-06-19T07:21:38+00:00\",\"breadcrumb\":{\"@id\":\"https:\\\/\\\/sologis.cz\\\/index.php\\\/gdpr\\\/#breadcrumb\"},\"inLanguage\":\"cs\",\"potentialAction\":[{\"@type\":\"ReadAction\",\"target\":[\"https:\\\/\\\/sologis.cz\\\/index.php\\\/gdpr\\\/\"]}]},{\"@type\":\"BreadcrumbList\",\"@id\":\"https:\\\/\\\/sologis.cz\\\/index.php\\\/gdpr\\\/#breadcrumb\",\"itemListElement\":[{\"@type\":\"ListItem\",\"position\":1,\"name\":\"Dom\u016f\",\"item\":\"https:\\\/\\\/sologis.cz\\\/\"},{\"@type\":\"ListItem\",\"position\":2,\"name\":\"GDPR\"}]},{\"@type\":\"WebSite\",\"@id\":\"https:\\\/\\\/sologis.cz\\\/#website\",\"url\":\"https:\\\/\\\/sologis.cz\\\/\",\"name\":\"Sologis\",\"description\":\"D\u00e1v\u00e1me \u0159\u00e1d skladov\u00e1n\u00ed\",\"publisher\":{\"@id\":\"https:\\\/\\\/sologis.cz\\\/#organization\"},\"potentialAction\":[{\"@type\":\"SearchAction\",\"target\":{\"@type\":\"EntryPoint\",\"urlTemplate\":\"https:\\\/\\\/sologis.cz\\\/?s={search_term_string}\"},\"query-input\":{\"@type\":\"PropertyValueSpecification\",\"valueRequired\":true,\"valueName\":\"search_term_string\"}}],\"inLanguage\":\"cs\"},{\"@type\":\"Organization\",\"@id\":\"https:\\\/\\\/sologis.cz\\\/#organization\",\"name\":\"Sologis\",\"url\":\"https:\\\/\\\/sologis.cz\\\/\",\"logo\":{\"@type\":\"ImageObject\",\"inLanguage\":\"cs\",\"@id\":\"https:\\\/\\\/sologis.cz\\\/#\\\/schema\\\/logo\\\/image\\\/\",\"url\":\"https:\\\/\\\/sologis.cz\\\/wp-content\\\/uploads\\\/2021\\\/11\\\/cropped-Sologis-logo.png\",\"contentUrl\":\"https:\\\/\\\/sologis.cz\\\/wp-content\\\/uploads\\\/2021\\\/11\\\/cropped-Sologis-logo.png\",\"width\":250,\"height\":250,\"caption\":\"Sologis\"},\"image\":{\"@id\":\"https:\\\/\\\/sologis.cz\\\/#\\\/schema\\\/logo\\\/image\\\/\"}}]}<\/script>\n<!-- \/ Yoast SEO plugin. -->","yoast_head_json":{"title":"GDPR - Sologis","robots":{"index":"index","follow":"follow","max-snippet":"max-snippet:-1","max-image-preview":"max-image-preview:large","max-video-preview":"max-video-preview:-1"},"canonical":"https:\/\/sologis.cz\/index.php\/gdpr\/","og_locale":"cs_CZ","og_type":"article","og_title":"GDPR - Sologis","og_description":"Souhlas se zpracov\u00e1n\u00edm osobn\u00edch \u00fadaj\u016f 1.Sologis s.r.o., I\u010cO: 07359390, s\u00eddlem N\u00e1rodn\u00edch hrdin\u016f 279, Doln\u00ed Po\u010dernice, 190 12 Praha 9 jako\u017eto provozovatel webu sologis.cz a tedy spr\u00e1vce osobn\u00edch \u00fadaj\u016f kter\u00e9 mu budou z\u00e1kazn\u00edkem poskytnuty, se zavazuje, \u017ee bude tyto osobn\u00ed \u00fadaje zpracov\u00e1vat v souladu s pr\u00e1vn\u00edmi p\u0159edpisy, p\u0159edev\u0161\u00edm s Na\u0159\u00edzen\u00edm Evropsk\u00e9ho parlamentu a Rady (EU) 2016\/679 &hellip; Pokra\u010dovat ve \u010dten\u00ed \"GDPR\"","og_url":"https:\/\/sologis.cz\/index.php\/gdpr\/","og_site_name":"Sologis","article_modified_time":"2024-06-19T07:21:38+00:00","twitter_card":"summary_large_image","twitter_misc":{"Odhadovan\u00e1 doba \u010dten\u00ed":"4 minuty"},"schema":{"@context":"https:\/\/schema.org","@graph":[{"@type":"WebPage","@id":"https:\/\/sologis.cz\/index.php\/gdpr\/","url":"https:\/\/sologis.cz\/index.php\/gdpr\/","name":"GDPR - Sologis","isPartOf":{"@id":"https:\/\/sologis.cz\/#website"},"datePublished":"2024-06-19T07:19:22+00:00","dateModified":"2024-06-19T07:21:38+00:00","breadcrumb":{"@id":"https:\/\/sologis.cz\/index.php\/gdpr\/#breadcrumb"},"inLanguage":"cs","potentialAction":[{"@type":"ReadAction","target":["https:\/\/sologis.cz\/index.php\/gdpr\/"]}]},{"@type":"BreadcrumbList","@id":"https:\/\/sologis.cz\/index.php\/gdpr\/#breadcrumb","itemListElement":[{"@type":"ListItem","position":1,"name":"Dom\u016f","item":"https:\/\/sologis.cz\/"},{"@type":"ListItem","position":2,"name":"GDPR"}]},{"@type":"WebSite","@id":"https:\/\/sologis.cz\/#website","url":"https:\/\/sologis.cz\/","name":"Sologis","description":"D\u00e1v\u00e1me \u0159\u00e1d skladov\u00e1n\u00ed","publisher":{"@id":"https:\/\/sologis.cz\/#organization"},"potentialAction":[{"@type":"SearchAction","target":{"@type":"EntryPoint","urlTemplate":"https:\/\/sologis.cz\/?s={search_term_string}"},"query-input":{"@type":"PropertyValueSpecification","valueRequired":true,"valueName":"search_term_string"}}],"inLanguage":"cs"},{"@type":"Organization","@id":"https:\/\/sologis.cz\/#organization","name":"Sologis","url":"https:\/\/sologis.cz\/","logo":{"@type":"ImageObject","inLanguage":"cs","@id":"https:\/\/sologis.cz\/#\/schema\/logo\/image\/","url":"https:\/\/sologis.cz\/wp-content\/uploads\/2021\/11\/cropped-Sologis-logo.png","contentUrl":"https:\/\/sologis.cz\/wp-content\/uploads\/2021\/11\/cropped-Sologis-logo.png","width":250,"height":250,"caption":"Sologis"},"image":{"@id":"https:\/\/sologis.cz\/#\/schema\/logo\/image\/"}}]}},"_links":{"self":[{"href":"https:\/\/sologis.cz\/index.php\/wp-json\/wp\/v2\/pages\/407","targetHints":{"allow":["GET"]}}],"collection":[{"href":"https:\/\/sologis.cz\/index.php\/wp-json\/wp\/v2\/pages"}],"about":[{"href":"https:\/\/sologis.cz\/index.php\/wp-json\/wp\/v2\/types\/page"}],"author":[{"embeddable":true,"href":"https:\/\/sologis.cz\/index.php\/wp-json\/wp\/v2\/users\/3"}],"replies":[{"embeddable":true,"href":"https:\/\/sologis.cz\/index.php\/wp-json\/wp\/v2\/comments?post=407"}],"version-history":[{"count":2,"href":"https:\/\/sologis.cz\/index.php\/wp-json\/wp\/v2\/pages\/407\/revisions"}],"predecessor-version":[{"id":411,"href":"https:\/\/sologis.cz\/index.php\/wp-json\/wp\/v2\/pages\/407\/revisions\/411"}],"wp:attachment":[{"href":"https:\/\/sologis.cz\/index.php\/wp-json\/wp\/v2\/media?parent=407"}],"curies":[{"name":"wp","href":"https:\/\/api.w.org\/{rel}","templated":true}]}}